of 1188869?
8
What is the tens digit of 105463?
6
What is the millions digit of 1159581?
1
What is the hundreds digit of 936142?
1
What is the tens digit of 568948?
4
What is the millions digit of 23460808?
3
What is the hundreds digit of 1384803?
8
What is the units digit of 665591?
1
What is the thousands digit of 172909?
2
What is the units digit of 1730480?
0
What is the tens digit of 194030?
3
What is the hundreds digit of 4954462?
4
What is the thousands digit of 13531058?
1
What is the units digit of 1514023?
3
What is the hundreds digit of 276648?
6
What is the hundred thousands digit of 9694467?
6
What is the units digit of 2701363?
3
What is the ten thousands digit of 318457?
1
What is the thousands digit of 33316?
3
What is the thousands digit of 17437046?
7
What is the ten thousands digit of 310869?
1
What is the hundreds digit of 1411091?
0
What is the ten thousands digit of 857796?
5
What is the ten thousands digit of 108747?
0
What is the hundreds digit of 3532618?
6
What is the ten thousands digit of 9619525?
1
What is the ten thousands digit of 174411?
7
What is the thousands digit of 559808?
9
What is the hundreds digit of 503856?
8
What is the hundred thousands digit of 2972053?
9
What is the units digit of 17972264?
4
What is the tens digit of 2120036?
3
What is the ten thousands digit of 384214?
8
What is the units digit of 64681?
1
What is the units digit of 12041665?
5
What is the hundred thousands digit of 3288378?
2
What is the thousands digit of 13451354?
1
What is the hundred thousands digit of 194911?
1
What is the hundred thousands digit of 3668092?
6
What is the tens digit of 839949?
4
What is the thousands digit of 1511337?
1
What is the units digit of 3853013?
3
What is the tens digit of 429998?
9
What is the units digit of 63086?
6
What is the tens digit of 12890168?
6
What is the units digit of 18035111?
1
What is the ten thousands digit of 2877181?
7
What is the thousands digit of 3876167?
6
What is the ten thousands digit of 316663?
1
What is the thousands digit of 9960?
9
What is the hundred thousands digit of 160263?
1
What is the hundred thousands digit of 2725002?
7
What is the units digit of 101697?
7
What is the hundreds digit of 459976?
9
What is the hundreds digit of 252246?
2
What is the hundreds digit of 3446299?
2
What is the millions digit of 1785999?
1
What is the hundred thousands digit of 1041771?
0
What is the hundred thousands digit of 576053?
5
What is the ten thousands digit of 2137079?
3
What is the millions digit of 3753988?
3
What is the hundreds digit of 7607511?
5
What is the hundreds digit of 935068?
0
What is the units digit of 263593?
3
What is the tens digit of 962691?
9
What is the millions digit of 1413941?
1
What is the units digit of 197347?
7
What is the units digit of 832450?
0
What is the units digit of 1594539?
9
What is the thousands digit of 775934?
5
What is the millions digit of 1590647?
1
What is the hundreds digit of 797459?
4
What is the tens digit of 137347?
4
What is the units digit of 4915456?
6
What is the hundred thousands digit of 709604?
7
What is the units digit of 2816488?
8
What is the tens digit of 477918?
1
What is the thousands digit of 85966?
5
What is the hundred thousands digit of 905335?
9
What is the tens digit of 31918158?
5
What is the tens digit of 210108?
0
What is the ten thousands digit of 135089?
3
What is the units digit of 273011?
1
What is the millions digit of 3964590?
3
What is the millions digit of 1700835?
1
What is the units digit of 158524?
4
What is the hundreds digit of 99528?
5
What is the hundreds digit of 959174?
1
What is the units digit of 2044524?
4
What is the hundred thousands digit of 1627948?
6
What is the units digit of 10478270?
0
What is the thousands digit of 98130?
8
What is the tens digit of 9291795?
9
What is the hundred thousands digit of 134603?
1
What is the hundred thousands digit of 1047537?
0
What is the tens digit of 1781060?
6
What is the hundred thousands digit of 1510468?
5
What is the hundreds digit of 3898929?
9
What is the ten thousands digit of 1045910?
4
What is the thousands digit of 1790?
1
What is the tens digit of 408840?
4
What is the hundred thousands digit of 2267798?
2
What is the hundreds digit of 4705213?
2
What is the hundreds digit of 76674?
6
What is the hundred thousands digit of 12006799?
0
What is the ten thousands digit of 3817650?
1
What is the thousands digit of 7762215?
2
What is the thousands digit of 275179?
5
What is the hundreds digit of 60081?
0
What is the ten thousands digit of 1809876?
0
What is the millions digit of 1645659?
1
What is the hundred thousands digit of 766779?
7
What is the tens digit of 845641?
4
What is the ten thousands digit of 7425738?
2
What is the hundred thousands digit of 8265103?
2
What is the ten thousands digit of 5392726?
9
What is the thousands digit of 3115?
3
What is the ten thousands digit of 1278929?
7
What is the tens digit of 4418929?
2
What is the hundred thousands digit of 527429?
5
What is the tens digit of 6390?
9
What is the millions digit of 4170656?
4
What is the hundreds digit of 4127855?
8
What is the tens digit of 45118?
1
What is the units digit of 527888?
8
What is the thousands digit of 1472802?
2
What is the units digit of 654568?
8
What is the tens digit of 2551142?
4
What is the ten thousands digit of 2068898?
6
What is the tens digit of 582814?
1
What is the tens digit of 16101996?
9
What is the units digit of 731785?
5
What is the hundreds digit of 10218055?
0
What is the millions digit of 8720486?
8
What is the ten thousands digit of 198660?
9
What is the hundred thousands digit of 7919144?
9
What is the thousands digit of 399062?
9
What is the hundred thousands digit of 480650?
4
What is the ten thousands digit of 904483?
0
What is the ten thousands digit of 29267?
2
What is the millions digit of 3143686?
3
What is the thousands digit of 876142?
6
What is the units digit of 957411?
1
What is the hundreds digit of 3519139?
1
What is the hundreds digit of 98836?
8
What is the tens digit of 2578174?
7
What is the hundred thousands digit of 5718522?
7
What is the hundred thousands digit of 10591486?
5
What is the thousands digit of 266596?
6
What is the thousands digit of 363039?
3
What is the thousands digit of 806197?
6
What is the hundreds digit of 2701863?
8
What is the hundreds digit of 863202?
2
What is the thousands digit of 4999561?
9
What is the tens digit of 5010173?
7
What is the thousands digit of 663158?
3
What is the thousands digit of 1660487?
0
What is the hundred thousands digit of 13315102?
3
What is the millions digit of 2962023?
2
What is the hundreds digit of 85771?
7
What is the tens digit of 140513?
1
What is the ten thousands digit of 9516792?
1
What is the hundreds digit of 184686?
6
What is the ten thousands digit of 422743?
2
What is the tens digit of 82445?
4
What is the units digit of 2323602?
2
What is the thousands digit of 176905?
6
What is the thousands digit of 128505?
8
What is the thousands digit of 250884?
0
What is the tens digit of 7261250?
5
What is the hundreds digit of 4358762?
7
What is the hundreds digit of 6798192?
1
What is the ten thousands digit of 166410?
6
What is the hundreds digit of 242237?
2
What is the hundred thousands digit of 204858?
2
What is the tens digit of 143234?
3
What is the tens digit of 919800?
0
What is the tens digit of 5264047?
4
What is the units digit of 496491?
1
What is the hundred thousands digit of 515136?
5
What is the units digit of 91012?
2
What is the hundred thousands digit of 21941913?
9
What is the hundred thousands digit of 6943874?
9
What is the thousands digit of 1181294?
1
What is the units digit of 211469?
9
What is the tens digit of 81611?
1
What is the millions digit of 14713156?
4
What is the units digit of 32519401?
1
What is the hundreds digit of 4399?
3
What is the thousands digit of 19018?
9
What is the tens digit of 18664177?
7
What is the ten millions digit of 15988591?
1
What is the tens digit of 17527689?
8
What is the hundreds digit of 1111410?
4
What is the ten thousands digit of 42702950?
0
What is the tens digit of 216264?
6
What is the ten thousands digit of 86881?
8
What is the units digit of 1768399?
9
What is th